{"id":52,"date":"2018-05-01T17:32:50","date_gmt":"2018-05-01T15:32:50","guid":{"rendered":"http:\/\/alucis.ovh\/?page_id=52"},"modified":"2022-05-10T10:43:40","modified_gmt":"2022-05-10T08:43:40","slug":"contacts","status":"publish","type":"page","link":"https:\/\/alucis.ovh\/index.php\/contacts\/","title":{"rendered":"Contactez-nous"},"content":{"rendered":"\n<div class=\"wp-block-image\"><figure class=\"aligncenter\"><img loading=\"lazy\" decoding=\"async\" width=\"1024\" height=\"678\" src=\"http:\/\/alucis.ovh\/wp-content\/uploads\/2019\/01\/contact-us-2993000_1920-1024x678.jpg\" alt=\"\" class=\"wp-image-636\" srcset=\"https:\/\/alucis.ovh\/wp-content\/uploads\/2019\/01\/contact-us-2993000_1920-1024x678.jpg 1024w, https:\/\/alucis.ovh\/wp-content\/uploads\/2019\/01\/contact-us-2993000_1920-300x199.jpg 300w, https:\/\/alucis.ovh\/wp-content\/uploads\/2019\/01\/contact-us-2993000_1920-768x508.jpg 768w, https:\/\/alucis.ovh\/wp-content\/uploads\/2019\/01\/contact-us-2993000_1920-1320x874.jpg 1320w, https:\/\/alucis.ovh\/wp-content\/uploads\/2019\/01\/contact-us-2993000_1920.jpg 1920w\" sizes=\"auto, (max-width: 767px) 89vw, (max-width: 1000px) 54vw, (max-width: 1071px) 543px, 580px\" \/><figcaption>Contactez-nous<\/figcaption><\/figure><\/div>\n\n\n\n<div class=\"wp-block-image\"><figure class=\"aligncenter is-resized\"><img loading=\"lazy\" decoding=\"async\" src=\"http:\/\/alucis.ovh\/wp-content\/uploads\/2018\/05\/LOGO-ALUCIS-CONSEILS-Couleurs-INPI-D\u00e9tour\u00e9.png\" alt=\"\" class=\"wp-image-108\" width=\"202\" height=\"72\" srcset=\"https:\/\/alucis.ovh\/wp-content\/uploads\/2018\/05\/LOGO-ALUCIS-CONSEILS-Couleurs-INPI-D\u00e9tour\u00e9.png 999w, https:\/\/alucis.ovh\/wp-content\/uploads\/2018\/05\/LOGO-ALUCIS-CONSEILS-Couleurs-INPI-D\u00e9tour\u00e9-300x107.png 300w, https:\/\/alucis.ovh\/wp-content\/uploads\/2018\/05\/LOGO-ALUCIS-CONSEILS-Couleurs-INPI-D\u00e9tour\u00e9-768x274.png 768w\" sizes=\"auto, (max-width: 202px) 100vw, 202px\" \/><\/figure><\/div>\n\n\n\n<p class=\"has-text-align-center\">Pour tout renseignement ou demande de devis, vous pouvez nous contacter :<\/p>\n\n\n\n<div class=\"wp-block-media-text alignwide is-stacked-on-mobile\" style=\"grid-template-columns:18% auto\"><figure class=\"wp-block-media-text__media\"><img loading=\"lazy\" decoding=\"async\" width=\"1024\" height=\"1024\" src=\"http:\/\/alucis.ovh\/wp-content\/uploads\/2018\/08\/at-1019990_1920-1024x1024.jpg\" alt=\"\" class=\"wp-image-238 size-full\" srcset=\"https:\/\/alucis.ovh\/wp-content\/uploads\/2018\/08\/at-1019990_1920-1024x1024.jpg 1024w, https:\/\/alucis.ovh\/wp-content\/uploads\/2018\/08\/at-1019990_1920-150x150.jpg 150w, https:\/\/alucis.ovh\/wp-content\/uploads\/2018\/08\/at-1019990_1920-300x300.jpg 300w, https:\/\/alucis.ovh\/wp-content\/uploads\/2018\/08\/at-1019990_1920-768x768.jpg 768w, https:\/\/alucis.ovh\/wp-content\/uploads\/2018\/08\/at-1019990_1920-100x100.jpg 100w, https:\/\/alucis.ovh\/wp-content\/uploads\/2018\/08\/at-1019990_1920-1320x1320.jpg 1320w, https:\/\/alucis.ovh\/wp-content\/uploads\/2018\/08\/at-1019990_1920.jpg 1920w\" sizes=\"auto, (max-width: 767px) 89vw, (max-width: 1000px) 54vw, (max-width: 1071px) 543px, 580px\" \/><\/figure><div class=\"wp-block-media-text__content\">\n<p class=\"has-text-align-left\" style=\"font-size:15px\">Par courrier \u00e0 l&rsquo;adresse suivante :<\/p>\n\n\n\n<p>ALUCIS SAS<br>68 rue du Champfleuri<br>91800 BRUNOY <\/p>\n<\/div><\/div>\n\n\n\n<div class=\"wp-block-media-text alignwide is-stacked-on-mobile\" style=\"grid-template-columns:20% auto\"><figure class=\"wp-block-media-text__media\"><img loading=\"lazy\" decoding=\"async\" width=\"1024\" height=\"1024\" src=\"http:\/\/alucis.ovh\/wp-content\/uploads\/2018\/08\/at-1019914_1920-1024x1024.jpg\" alt=\"\" class=\"wp-image-237 size-full\" srcset=\"https:\/\/alucis.ovh\/wp-content\/uploads\/2018\/08\/at-1019914_1920-1024x1024.jpg 1024w, https:\/\/alucis.ovh\/wp-content\/uploads\/2018\/08\/at-1019914_1920-150x150.jpg 150w, https:\/\/alucis.ovh\/wp-content\/uploads\/2018\/08\/at-1019914_1920-300x300.jpg 300w, https:\/\/alucis.ovh\/wp-content\/uploads\/2018\/08\/at-1019914_1920-768x768.jpg 768w, https:\/\/alucis.ovh\/wp-content\/uploads\/2018\/08\/at-1019914_1920-100x100.jpg 100w, https:\/\/alucis.ovh\/wp-content\/uploads\/2018\/08\/at-1019914_1920-1320x1320.jpg 1320w, https:\/\/alucis.ovh\/wp-content\/uploads\/2018\/08\/at-1019914_1920.jpg 1920w\" sizes=\"auto, (max-width: 767px) 89vw, (max-width: 1000px) 54vw, (max-width: 1071px) 543px, 580px\" \/><\/figure><div class=\"wp-block-media-text__content\">\n<p class=\"has-text-align-left\" style=\"font-size:15px\">Par mail \u00e0 : <\/p>\n\n\n\n<p>contact@alucis.ovh<\/p>\n<\/div><\/div>\n\n\n\n<p style=\"text-align: justify;\" align=\"justify\">Vous pouvez \u00e9galement nous faire part de votre demande en utilisant le formulaire ci-dessous :<\/p>\n\n\n\n<div class=\"wpforms-container wpforms-container-full\" id=\"wpforms-537\"><form id=\"wpforms-form-537\" class=\"wpforms-validate wpforms-form\" data-formid=\"537\" method=\"post\" enctype=\"multipart\/form-data\" action=\"\/index.php\/wp-json\/wp\/v2\/pages\/52\" data-token=\"b6a1803d84300427374192c3acde1b1e\" data-token-time=\"1776211431\"><noscript class=\"wpforms-error-noscript\">Veuillez activer JavaScript dans votre navigateur pour remplir ce formulaire.<\/noscript><div class=\"wpforms-field-container\"><div id=\"wpforms-537-field_1-container\" class=\"wpforms-field wpforms-field-name\" data-field-id=\"1\"><label class=\"wpforms-field-label\">EXP\u00c9DITEUR <span class=\"wpforms-required-label\">*<\/span><\/label><div class=\"wpforms-field-row wpforms-field-medium\"><div class=\"wpforms-field-row-block wpforms-first wpforms-one-half\"><input type=\"text\" id=\"wpforms-537-field_1\" class=\"wpforms-field-name-first wpforms-field-required\" name=\"wpforms[fields][1][first]\" required><label for=\"wpforms-537-field_1\" class=\"wpforms-field-sublabel after\">Pr\u00e9nom<\/label><\/div><div class=\"wpforms-field-row-block wpforms-one-half\"><input type=\"text\" id=\"wpforms-537-field_1-last\" class=\"wpforms-field-name-last wpforms-field-required\" name=\"wpforms[fields][1][last]\" required><label for=\"wpforms-537-field_1-last\" class=\"wpforms-field-sublabel after\">Nom<\/label><\/div><\/div><\/div><div id=\"wpforms-537-field_2-container\" class=\"wpforms-field wpforms-field-text\" data-field-id=\"2\"><label class=\"wpforms-field-label\" for=\"wpforms-537-field_2\">SOCIETE <span class=\"wpforms-required-label\">*<\/span><\/label><input type=\"text\" id=\"wpforms-537-field_2\" class=\"wpforms-field-medium wpforms-field-required\" name=\"wpforms[fields][2]\" required><\/div><div id=\"wpforms-537-field_8-container\" class=\"wpforms-field wpforms-field-email\" data-field-id=\"8\"><label class=\"wpforms-field-label\" for=\"wpforms-537-field_8\">E-MAIL <span class=\"wpforms-required-label\">*<\/span><\/label><input type=\"email\" id=\"wpforms-537-field_8\" class=\"wpforms-field-medium wpforms-field-required\" name=\"wpforms[fields][8]\" spellcheck=\"false\" required><\/div><div id=\"wpforms-537-field_18-container\" class=\"wpforms-field wpforms-field-text\" data-field-id=\"18\"><label class=\"wpforms-field-label\" for=\"wpforms-537-field_18\">TELEPHONE<\/label><input type=\"text\" id=\"wpforms-537-field_18\" class=\"wpforms-field-small\" name=\"wpforms[fields][18]\" ><\/div><div id=\"wpforms-537-field_3-container\" class=\"wpforms-field wpforms-field-text\" data-field-id=\"3\"><label class=\"wpforms-field-label\" for=\"wpforms-537-field_3\">SUJET <span class=\"wpforms-required-label\">*<\/span><\/label><input type=\"text\" id=\"wpforms-537-field_3\" class=\"wpforms-field-medium wpforms-field-required\" name=\"wpforms[fields][3]\" required><\/div><div id=\"wpforms-537-field_5-container\" class=\"wpforms-field wpforms-field-textarea\" data-field-id=\"5\"><label class=\"wpforms-field-label\" for=\"wpforms-537-field_5\">MESSAGE <span class=\"wpforms-required-label\">*<\/span><\/label><textarea id=\"wpforms-537-field_5\" class=\"wpforms-field-large wpforms-field-required\" name=\"wpforms[fields][5]\" required><\/textarea><\/div><div id=\"wpforms-537-field_15-container\" class=\"wpforms-field wpforms-field-checkbox\" data-field-id=\"15\"><label class=\"wpforms-field-label wpforms-label-hide\">Contr\u00f4le de l&#039;exp\u00e9diteur <span class=\"wpforms-required-label\">*<\/span><\/label><ul id=\"wpforms-537-field_15\" class=\"wpforms-field-required\"><li class=\"choice-1 depth-1\"><input type=\"checkbox\" id=\"wpforms-537-field_15_1\" name=\"wpforms[fields][15][]\" value=\"JE NE SUIS PAS UN ROBOT\" required ><label class=\"wpforms-field-label-inline\" for=\"wpforms-537-field_15_1\">JE NE SUIS PAS UN ROBOT<\/label><\/li><\/ul><\/div><div id=\"wpforms-537-field_6-container\" class=\"wpforms-field wpforms-field-checkbox\" data-field-id=\"6\"><label class=\"wpforms-field-label\">Mentions obligatoires <span class=\"wpforms-required-label\">*<\/span><\/label><ul id=\"wpforms-537-field_6\" class=\"wpforms-field-required\"><li class=\"choice-1 depth-1\"><input type=\"checkbox\" id=\"wpforms-537-field_6_1\" name=\"wpforms[fields][6][]\" value=\"En soumettant ce formulaire, j&#039;accepte que les informations saisies soient exploit\u00e9es dans le cadre de la demande de renseignements et de devis ainsi que dans le cadre de la relation commerciale qui peut en d\u00e9couler. Pour conna\u00eetre et exercer vos droits, notamment de retrait de votre consentement \u00e0 l&#039;utilisation des donn\u00e9es collect\u00e9es par ce formulaire, veuillez consulter les MENTIONS LEGALES.\" required ><label class=\"wpforms-field-label-inline\" for=\"wpforms-537-field_6_1\">En soumettant ce formulaire, j'accepte que les informations saisies soient exploit\u00e9es dans le cadre de la demande de renseignements et de devis ainsi que dans le cadre de la relation commerciale qui peut en d\u00e9couler. Pour conna\u00eetre et exercer vos droits, notamment de retrait de votre consentement \u00e0 l'utilisation des donn\u00e9es collect\u00e9es par ce formulaire, veuillez consulter les MENTIONS LEGALES.<\/label><\/li><\/ul><\/div><\/div><!-- .wpforms-field-container --><div class=\"wpforms-field wpforms-field-hp\"><label for=\"wpforms-537-field-hp\" class=\"wpforms-field-label\">Website<\/label><input type=\"text\" name=\"wpforms[hp]\" id=\"wpforms-537-field-hp\" class=\"wpforms-field-medium\"><\/div><div class=\"wpforms-submit-container\" ><input type=\"hidden\" name=\"wpforms[id]\" value=\"537\"><input type=\"hidden\" name=\"page_title\" value=\"\"><input type=\"hidden\" name=\"page_url\" value=\"https:\/\/alucis.ovh\/index.php\/wp-json\/wp\/v2\/pages\/52\"><button type=\"submit\" name=\"wpforms[submit]\" id=\"wpforms-submit-537\" class=\"wpforms-submit\" data-alt-text=\"Sending...\" data-submit-text=\"Envoyer\" aria-live=\"assertive\" value=\"wpforms-submit\">Envoyer<\/button><\/div><\/form><\/div>  <!-- .wpforms-container -->\n\n\n","protected":false},"excerpt":{"rendered":"<p>Pour tout renseignement ou demande de devis, vous pouvez nous contacter : Par courrier \u00e0 l&rsquo;adresse suivante : ALUCIS SAS68 rue du Champfleuri91800 BRUNOY Par mail \u00e0 : contact@alucis.ovh Vous pouvez \u00e9galement nous faire part de votre demande en utilisant le formulaire ci-dessous :<\/p>\n","protected":false},"author":1,"featured_media":0,"parent":0,"menu_order":0,"comment_status":"closed","ping_status":"closed","template":"","meta":{"footnotes":""},"class_list":["post-52","page","type-page","status-publish","hentry"],"_links":{"self":[{"href":"https:\/\/alucis.ovh\/index.php\/wp-json\/wp\/v2\/pages\/52","targetHints":{"allow":["GET"]}}],"collection":[{"href":"https:\/\/alucis.ovh\/index.php\/wp-json\/wp\/v2\/pages"}],"about":[{"href":"https:\/\/alucis.ovh\/index.php\/wp-json\/wp\/v2\/types\/page"}],"author":[{"embeddable":true,"href":"https:\/\/alucis.ovh\/index.php\/wp-json\/wp\/v2\/users\/1"}],"replies":[{"embeddable":true,"href":"https:\/\/alucis.ovh\/index.php\/wp-json\/wp\/v2\/comments?post=52"}],"version-history":[{"count":19,"href":"https:\/\/alucis.ovh\/index.php\/wp-json\/wp\/v2\/pages\/52\/revisions"}],"predecessor-version":[{"id":1055,"href":"https:\/\/alucis.ovh\/index.php\/wp-json\/wp\/v2\/pages\/52\/revisions\/1055"}],"wp:attachment":[{"href":"https:\/\/alucis.ovh\/index.php\/wp-json\/wp\/v2\/media?parent=52"}],"curies":[{"name":"wp","href":"https:\/\/api.w.org\/{rel}","templated":true}]}}