{"id":913,"date":"2020-01-02T19:17:06","date_gmt":"2020-01-02T18:17:06","guid":{"rendered":"https:\/\/alucis.ovh\/?page_id=913"},"modified":"2020-08-16T11:57:09","modified_gmt":"2020-08-16T09:57:09","slug":"avis","status":"publish","type":"page","link":"https:\/\/alucis.ovh\/index.php\/avis\/","title":{"rendered":"Avis"},"content":{"rendered":"\n<div class=\"wp-block-image\"><figure class=\"aligncenter is-resized\"><img loading=\"lazy\" decoding=\"async\" src=\"https:\/\/alucis.ovh\/wp-content\/uploads\/2020\/01\/feedback-1978036_1920-1024x708.png\" alt=\"\" class=\"wp-image-915\" width=\"265\" height=\"183\" srcset=\"https:\/\/alucis.ovh\/wp-content\/uploads\/2020\/01\/feedback-1978036_1920-1024x708.png 1024w, https:\/\/alucis.ovh\/wp-content\/uploads\/2020\/01\/feedback-1978036_1920-300x207.png 300w, https:\/\/alucis.ovh\/wp-content\/uploads\/2020\/01\/feedback-1978036_1920-768x531.png 768w, https:\/\/alucis.ovh\/wp-content\/uploads\/2020\/01\/feedback-1978036_1920-1536x1062.png 1536w, https:\/\/alucis.ovh\/wp-content\/uploads\/2020\/01\/feedback-1978036_1920-1320x912.png 1320w, https:\/\/alucis.ovh\/wp-content\/uploads\/2020\/01\/feedback-1978036_1920.png 1920w\" sizes=\"auto, (max-width: 265px) 100vw, 265px\" \/><\/figure><\/div>\n\n\n\n<blockquote class=\"wp-block-quote is-layout-flow wp-block-quote-is-layout-flow\"><p>\u00ab\u00a0Merci encore \u00e0 mon coach pour son optimisme et t\u00e9nacit\u00e9 qui m&rsquo;ont fait avancer et redynamiser mes projets professionnels\u00a0\u00bb<\/p><cite>Laurence P.  ( <a href=\"https:\/\/www.la-fleur-de-lys-enluminure.fr\/\">https:\/\/www.la-fleur-de-lys-enluminure.fr\/<\/a> ) &#8211; 12\/11\/2019<\/cite><\/blockquote>\n\n\n\n<p class=\"has-text-align-center\">_______________________________________________________________________<\/p>\n\n\n\n<blockquote class=\"wp-block-quote is-layout-flow wp-block-quote-is-layout-flow\"><p>\u00ab\u00a0Je tenais \u00e0 vous remercier pour votre p\u00e9dagogie et votre talent dans la transmission de savoir \u00e0 destination d&rsquo;un large public.<br> Gr\u00e2ce \u00e0 vous j&rsquo;ai acquis des bases solides dans le domaine de la formation et du recrutement et ce dans le cadre de ma reconversion professionnelle dans le secteur des ressources humaines.<br> Les modules que vous avez anim\u00e9e \u00e9tait tr\u00e8s enrichissant et tr\u00e8s complet et m&rsquo;ont permis de monter en comp\u00e9tences et de d\u00e9velopper mon employabilit\u00e9. Vous avez la plus-value qui parfois peut faire d\u00e9faut \u00e0 d&rsquo;autre formateur que j&rsquo;ai pu au fil de mes exp\u00e9riences ant\u00e9rieures rencontrer.<br> Votre dynamisme et votre motivation pour nous armer \u00e0 notre futur m\u00e9tier ont toujours \u00e9t\u00e9 pour vous un r\u00e9el leitmotiv et cela se ressent.<br> Vraiment et en toute sinc\u00e9rit\u00e9 je tenais \u00e0 vous remercier pour votre implication et ces heures de vie partag\u00e9s qui ont \u00e9t\u00e9s bienveillantes et tr\u00e8s captivantes.<br>Bien \u00e0 vous\u00a0\u00bb<\/p><cite>Hacena H. &#8211; 13\/02\/2020<\/cite><\/blockquote>\n","protected":false},"excerpt":{"rendered":"<p>\u00ab\u00a0Merci encore \u00e0 mon coach pour son optimisme et t\u00e9nacit\u00e9 qui m&rsquo;ont fait avancer et redynamiser mes projets professionnels\u00a0\u00bb Laurence P. ( https:\/\/www.la-fleur-de-lys-enluminure.fr\/ ) &#8211; 12\/11\/2019 _______________________________________________________________________ \u00ab\u00a0Je tenais \u00e0 vous remercier pour votre p\u00e9dagogie et votre talent dans la transmission de savoir \u00e0 destination d&rsquo;un large public. Gr\u00e2ce \u00e0 vous j&rsquo;ai acquis des bases &hellip; <\/p>\n<p class=\"link-more\"><a href=\"https:\/\/alucis.ovh\/index.php\/avis\/\" class=\"more-link\">Continuer la lecture<span class=\"screen-reader-text\"> de &laquo;&nbsp;Avis&nbsp;&raquo;<\/span><\/a><\/p>\n","protected":false},"author":1,"featured_media":0,"parent":0,"menu_order":0,"comment_status":"closed","ping_status":"closed","template":"","meta":{"footnotes":""},"class_list":["post-913","page","type-page","status-publish","hentry"],"_links":{"self":[{"href":"https:\/\/alucis.ovh\/index.php\/wp-json\/wp\/v2\/pages\/913","targetHints":{"allow":["GET"]}}],"collection":[{"href":"https:\/\/alucis.ovh\/index.php\/wp-json\/wp\/v2\/pages"}],"about":[{"href":"https:\/\/alucis.ovh\/index.php\/wp-json\/wp\/v2\/types\/page"}],"author":[{"embeddable":true,"href":"https:\/\/alucis.ovh\/index.php\/wp-json\/wp\/v2\/users\/1"}],"replies":[{"embeddable":true,"href":"https:\/\/alucis.ovh\/index.php\/wp-json\/wp\/v2\/comments?post=913"}],"version-history":[{"count":7,"href":"https:\/\/alucis.ovh\/index.php\/wp-json\/wp\/v2\/pages\/913\/revisions"}],"predecessor-version":[{"id":943,"href":"https:\/\/alucis.ovh\/index.php\/wp-json\/wp\/v2\/pages\/913\/revisions\/943"}],"wp:attachment":[{"href":"https:\/\/alucis.ovh\/index.php\/wp-json\/wp\/v2\/media?parent=913"}],"curies":[{"name":"wp","href":"https:\/\/api.w.org\/{rel}","templated":true}]}}